 - -1) + (-110 - (-98 + -21))?
30
0 - ((8 - (24 + -3)) + -4) - 63
-46
Calculate 116 + (-13 - (-21 - -6)) - (6 + -15 - -12).
115
What is (36 - 3) + -24 + 21?
30
0 + (-48 + 21 - -21 - 34)
-40
What is -74 + 4 - ((11 - 13 - (4 - 0)) + 4)?
-68
What is the value of -9 - (-23 + -3 - (-7 - -7) - -8 - 5)?
14
What is -158 + 180 - (6 + 2)?
14
Calculate -94 - -2 - ((39 - 0) + (2558 - 2577)).
-112
What is the value of (26 - 19) + (-25 - -7 - -10) - 40?
-41
Calculate -23 - (20 + -1 - (-50 + 72)).
-20
What is the value of (-2 - -62) + -58 + 48 + (-5 - (-4 + -5))?
54
What is -25 - (29 + -8 + 16 - -1)?
-63
What is the value of -6 + 23 - ((16 - -3) + 103)?
-105
Evaluate (1 - 159) + (-11 - -100).
-69
(-4 + 19 - 19 - 14) + 32 + -65
-51
What is 15 - -17 - -1 - 45?
-12
What is (52 - 56) + -54 + -38?
-96
What is 9 + 1 - (107 - 41 - 90)?
34
Evaluate 11 + (256 - 258) + 4 + -1.
12
Evaluate 49 + -48 + 3 - (0 + 66).
-62
Evaluate (2 - 38) + (-390 - -358) - (0 - (1 - -1)).
-66
What is the value of 978 - 985 - (1 + 6)?
-14
Calculate -4 - (-77 + 141 - 4).
-64
(48 - -5 - 113) + (14 + -1 - -1)
-46
-38 - (-290 + 114) - 251
-113
738 + -812 + (4 - 34) + -2
-106
Calculate 7 + -7 + -7 + -35 + 4.
-38
What is the value of -15 + 3 + 2 + -8 - (55 + -67) - 15?
-21
Evaluate (-14 + 18 - -10) + 57 - (13 + 1).
57
Evaluate 40 + 0 + (-158 + 346 - 191).
37
What is the value of -10 - (14 + -81 + 2 + 6 - -15)?
34
Calculate (52 + 8 + -1 - 10) + (-12 - -6).
43
Evaluate -1223 - -1201 - (-2 - 25).
5
What is the value of (-56 - -55) + (8 - -21)?
28
Evaluate (-170 - -172) + -4 + -7 + -39.
-48
Calculate 45 - (40 - (-21 + -45)).
-61
Evaluate -47 - (-39 - (11 + (-6 - 54))).
-57
What is (0 - 14) + 83 + (57 - 157)?
-31
What is the value of 28 - (3 - -87) - -126?
64
Calculate 4 + 0 + -24 - (-31 + -12 + 15).
8
What is -19 - (-1 + (-3 + 8 - 35))?
12
Calculate -28 - (-55 - (-96 - -20)).
-49
Evaluate -109 + (76 + -77 - -28).
-82
Calculate -18 - (0 - 27) - 2 - (1 + 25).
-19
What is 1 + 8 + 3 + -785 + 684 + 22?
-67
Calculate (1 - 3) + -12 + 4 + 576 + -566 - 41.
-41
-1 + 8 - (6 - (-1 + -45 - (-40 + 38)))
-43
-124 + 107 - (14 - 9)
-22
What is the value of (-5 + -5 - (-3 + 18 + (-13 - 3))) + -85?
-94
What is the value of -68 - -11 - (38 + -62)?
-33
What is the value of 43 + (21 - 32 - 6) + 3?
29
(3 - (-7 + -9)) + 29 + -70
-22
Evaluate 118 + (32 - (14 + 42) - 1).
93
-83 + (-93 - -148 - -95)
67
What is the value of (-16 - (26 - 16 - -17)) + 15?
-28
Calculate (-273 - -261) + (-5 - 105) + (-2 - (1 + -1)).
-124
Evaluate -1 - -79 - (-31 - (-7 + -41) - (12 - 1)).
72
30 - (7 - 5 - (-37 - -27))
18
(118 - 3) + (-820 - -730)
25
What is -33 - (12 + -9) - -13?
-23
What is the value of (-2 - (-15 - (4 + -3))) + -66 + (113 - -35)?
96
(-4 - (5 + (-5 - 13))) + (12 - -9) + 30
60
Calculate -8 - ((-10 - -33) + (50 - 18)).
-63
What is 2129 + -2112 - (2 - ((2 - -13) + 4))?
34
(32 - 73 - (-4 + 3)) + 1 + 1 + 2
-36
Calculate -39 + (99 - 76) + -1.
-17
Evaluate (32 - (38 - 111)) + -29 - (-7 + 2).
81
Evaluate (2 - (6 - 6 - -14)) + -105 + 158.
41
Evaluate (117 - 146) + (12 - 3).
-20
What is the value of 96 + (26 - 175) - -39?
-14
Evaluate -4 + (-21 + 53 - 63).
-35
What is the value of 18 - ((-17 - -1) + (-980 - -954))?
60
-55 + 43 - (7 + -10 + 19)
-28
What is 25 + 34 + (-25 - 35) + (5 - 7)?
-3
What is 1 + 1 + 3 - (-326 - -287)?
44
47 - (2 + -28 - -31)
42
Calculate 1046 + -1033 - (0 + 3 + 41).
-31
(4989 - 5016) + (0 - (0 - -18))
-45
Calculate 33 + -129 + 46 + 55.
5
What is the value of 11 - (-10 - (-18 + 4 + 7 - -9) - -7)?
16
What is -39 + (-1593 + 1574 - (-1 - 107))?
50
What is the value of -17 - (-58 - (4 + 4)) - (11 + 2)?
36
Calculate -1 - (-36 + 0) - (-233 - (-228 + -16)).
24
Evaluate 33 - (19 + 97 + -155).
72
Calculate -76 + 22 + 2 + 3 + 8 + 11 + -15.
-45
What is the value of ((0 - -9) + 2 + 6 - 8) + -53?
-44
What is the value of (-132 - -5) + (77 - 22)?
-72
Calculate 455 + -494 + 0 + 60.
21
8 + -10 + -15 + 10 + 2 + 28
23
What is the value of (100 - -7) + -22 + (-3 - 41)?
41
-12 + 26 - (40 - 11) - (27 - -1)
-43
Calculate -1 + -4 + 651 + -661 + (65 - (8 + -5)).
47
What is 10 + 28 + -3 + (-18 + 9 - -5) - -7?
38
12 + -18 - (70 - 23 - (8 + -26))
-71
What is the value of -2 + (-7 - (-72 + 29))?
34
What is the value of 70 + -136 + (143 - 58)?
19
Calculate 2 - (7 - (-21 + 0)) - (4 + -5 + 2).
-27
What is the value of -2 - 53 - (-4764 - -4742)?
-33
What is the value of -1 + -28 - (-1 + (-11 - -21 - 3))?
-35
Calculate -26 + 2 - (8 + (70 - 59)).
-43
Calculate (-61 - -35) + -3 + 72 - 11.
32
What is -48 + (-6 - (-75 + 2))?
19
What is the value of 30 + -43 + -42 - -77?
22
What is the value of 5 - (16 + (16 - 13) + -28 - 1)?
15
Evaluate 55 + (3 + -7 + -1 - -2) + -573 + 584.
63
What is the value of (-20 + -3 - -1) + 3 - -81?
62
Calculate 2 - 11 - -10 - 0 - 24.
-23
Evaluate (-16 - -1 - ((17 - 83) + 39)) + -29.
-17
What is the value of -134 + 12 + 1127 + -1100?
-95
Evaluate -14 - (-6 + 17 + -10) - -18.
3
Evaluate 28 - 10 - (68 - -9) - -21.
-38
Evaluate -11 - -15 - (-32 - -34) - 60.
-58
What is 11 + -6 - (64 - (-1 - 13 - -13 - 11))?
-71
Calculate 8 + -17 - -3 - (-115 - -90).
19
What is the value of -4 + -1 - (-17 + -19 + 36 + -52)?
47
What is the value of -74 + -4 - (24 + -56 + 12 + 4)?
-62
-3 - (-5 - 8) - (-87 + (2 - 14))
109
What is the value of (-368 - -346 - (-12 + 2 + 0)) + -12?
-24
What is the value of -18 + 35 - ((-2 - 58) + -122 + 119)?
80
What is the value of (32 - 2) + -820 + 839?
49
Evaluate 7 + (7 + 0 - (22 + -66 + 20)) - -6.
44
What is the value of 43 - 19 - (72 + -95)?
47
What is 158 - (219 - 167) - (-1 - -28)?
79
Evaluate -5 + 3 - (-29 + (-18 - -17) - 14).
42
Evaluate -3924 + 3982 + (3 - 1 - 19).
41
Evaluate -2 + (165 - (10 - -16)) - 14.
123
What is the value of -33 + (-3 - -85) + -48?
1
Calculate 0 + 101 - (-77 - (-89 - 10)).
79
What is -13 - (-10 + 2 + -3) - (63 + -3)?
-62
Calculate 7 - (-14 + (-9 - -14)) - (12 + -1).
5
(-1 - 4) + 5 - 18 - (-370 + 359)
-7
What is (23 - 29 - (2 + -10)) + 8?
10
Calculate -193 + 129 + -40 - -92.
-12
Evaluate 0 - (4 - -1) - 23 - (-83 + 89).
-34
What is the value of (17 - (-4 + -15)) + 8 + 4 + -8 + 7?
47
What is the value of -33 + 3 - (-580 + 553 + 0 + 26)?
-29
What is -7 + 18 + 34 - 72?
-27
What is the value of -69 - ((9 - -27) + -9 + -62)?
-34
What is -56 - 0 - (-8 + 42 + -47 + 20)?
-63
(-162 - -153 - (-1 + -2)) + (-46 - -6)
-46
Evaluate (1 - (14 + 1 - 12)) + (25 - -3).
26
Calculate 30 - (-158 - -40 - -174).
-26
Calculate -10 + 114 + -14 + 7 + (-82 - -70).
85
Evaluate 51 - ((-11 - -34) + (-26 - -9)).
45
Evaluate -54 + ((-20 + 4 - -8) + -6 - -13 - -5).
-50
Evaluate -75 - (-43 - (-26 - 14)).
-72
-67 - (41 + -46 + -44)
-18
Calculate 15 + (-13 - (-12 + 25 + -31) - -1).
21
Calculate (-35 - (47 - 87)) + -38.
-33
75 + 16 + 0 + -67
24
Calculate 4 - (1 + 99) - (-538 + 511).
-69
What is -2 - (53 + (45 - 209) - (-2 + 1))?
108
What is -19 - (-3 + -10) - ((1 - (-2 + 20)) + -1)?
12
2 + -40 - (70 + 25 + -86)
-47
What is (16 - -6 - (-10 + 17)) + 37?
52
Calculate -5 + -13 + 25 + -17 + -26.
-36
What is -9 - ((-18 - (-2 + -3 + 0 + -9)) + -26)?
21
63 + (-125 - -22) + 4 + 19
-17
19 + (66 - (-72 - -100))
57
What is the value of -2 + (-8 + 17 - (13 - 3)) + (-2 - -3)?
-2
What is the value of (4 + -2 - (-11 - -1)) + 59 + -68 + 38?
41
What is the value of (455 - 466) + (27 - 1) - 52?
-37
Evaluate -2 - (-21 + 0 - (-327 - -392) - 20).
104
What is 6 + -15 + 4 + -3 - (160 - 208)?
40
Calculate 13 - (3 - -1) - (-25 - (22 - 39 - 2)).
15
(1 - 6) + -45 + -2 + (-1 - -8)
-45
What is the value of 19 + -42 - (-1 - 32)?
10
(4 - -130) + (-33 + 66 - 42 - -19)
144
-38 + (-16 - (16 + -45)) + -6
-31
2 + (8 - -7) + -32 + 52
37
-33 + 82 + -24 - 75
-50
Calculate 38 + (-12 - (24 - -43)).
-41
Evaluate (16 - (-1 - 10 - -11) - 30) + -54.
-68
Calculate -239 + 250 - (-33 + (-4 - -6) + -4).
46
Evaluate (19 - -4 - (26 - (12 - (-9 - -5)))) + 81.
94
128 - (72 + -60 - -83)
33
What is (7 - 20) + (134 - 228 - (20 - -4))?
-131
What is (45 - 10) + (4 + -1 - 2) + 0?
36
What is the value of (26 - -4) + (17 - (20 - -1))?
26
What is the value of (40 - -3 - (-3 + 4)) + -5 - (73 - 81)?
45
-19 - (2 - -17 - (7 + 9))
-22
Evaluate (-5 - (22 + 15)) + 46.
4
Calculate -1671 - -1708 - (37 - -2).
-2
Evaluate -7 - (-5 + (0 - -4) + 11 + -12 - -5).
-10
What is the value of 25 + -3 + -14